r of v and s.
15
Let d(t) = t**3 - 5*t**2 + 12*t - 2. Let l be d(5). What is the highest common factor of 261 and l?
29
Suppose -x + 2*x = -2*v + 19, -50 = -5*v - 3*x. Let l be -15*v*(-10)/15. Calculate the greatest common divisor of 10 and l.
10
Let u(q) = -6 + 11*q + q**3 - 13*q - 2 + 4*q**2 + 2. Let t be u(-4). Let i be t/4*(51 + 9). Calculate the highest common divisor of i and 5.
5
Let y = 13 + -27. Let c = y - -16. Suppose 5*k + o - 63 = 0, c*o = 2*k + 3*o - 27. What is the greatest common factor of k and 84?
12
Let w(i) = 12*i**2 + 7*i + 1. Let a be w(-6). Suppose 0*m + 3*m + r + a = 0, -20 = 5*r. Let l = -75 - m. What is the highest common factor of l and 6?
6
Let w be 68/3 + (-2)/(-6). Let g = -75 - -85. Let q(k) = 23*k + 23. Let i be q(g). What is the greatest common divisor of w and i?
23
Suppose 5*v = -5*w + 444 - 229, -v + 127 = 3*w. Calculate the greatest common factor of w and 2.
2
Let n(w) be the first derivative of -23*w**2/2 + 9*w - 4. Let c be n(-9). Suppose 0 = 6*v - 4*v - c. Calculate the greatest common divisor of v and 12.
12
Suppose 71 + 117 = n + r, -1 = r. Calculate the highest common factor of n and 54.
27
Let x = -68 - -107. Calculate the greatest common divisor of x and 39.
39
Suppose 2*o - 49 = -3*t, 2*t = -5*o + 5*t + 154. Suppose 6*c = 4*c - 4*n + 78, c = -5*n + 54. Calculate the highest common divisor of c and o.
29
Let y be 2/(-6)*1*-6. Suppose 5*n = -y*x + 178, 5*x + n + n - 487 = 0. Let v(s) = 20*s - 751. Let q be v(38). What is the greatest common divisor of x and q?
9
Let j be (2 + 0)/(-10 - -9). Let l be 1/(j + (-11)/(-5)). Suppose 3*p - 2*p - q - 4 = 0, -2*p + l = q. Calculate the greatest common factor of p and 12.
3
Let n(q) = 2*q**2 - 10*q - 6. Let z = 56 + -12. Suppose -z + 8 = -4*w + 2*o, 5*o = w - 18. Let b be n(w). Calculate the greatest common factor of b and 21.
21
Let b be 7/((-336)/(-156628)) - (-2)/(-24). Calculate the greatest common divisor of 13 and b.
13
Suppose -11*u - 8 = -30. What is the highest common divisor of u and 406?
2
Suppose 4*j = -12, 2*d - 5*j = 5*d - 27. What is the highest common factor of d and 1246?
14
Let h be 0/((1/(-3))/((-1)/(-9))). Suppose 5*a + 20 = h, 0 = 5*u - 2*a - 0*a - 308. What is the greatest common divisor of 45 and u?
15
Let l be (7 - 169/26)*50. Calculate the greatest common factor of l and 3075.
25
Suppose -4*w + 21 - 9 = 0. Suppose -2*a + 131 = 5*r, -w = -r - 2. What is the greatest common factor of a and 9?
9
Suppose -2*k + 10 = 5*d - 0*k, 3*k + 2 = d. Let s = 22 + 7. Let t = s - 25. Calculate the highest common divisor of d and t.
2
Let p be 1*4 - -417*(-2)/(-6). Suppose 100 + p = 9*w. What is the greatest common divisor of w and 54?
27
Suppose 5*w + q - 11 = 2*w, -5*q = 3*w - 19. Suppose w*g - g = -44. Let k be (-1)/(-1 - 20/g). Calculate the greatest common factor of 99 and k.
11
Suppose 5*d + 77 + 188 = 0. Let y = d + 198. Calculate the greatest common factor of 58 and y.
29
Let j be 1048248/2024 - 1/(-11). Calculate the highest common divisor of j and 42.
14
Suppose -3*r + 485 = -2*j, -2*r - 15*j = -11*j - 318. What is the greatest common divisor of r and 35?
7
Let p(n) = -24*n - 43. Let b be p(-27). Calculate the greatest common divisor of b and 55.
55
Let x be 300/2 - 36/12. What is the highest common factor of x and 343?
49
Let r(o) = 6*o**2 + 3*o + 85. Let y be r(-9). Calculate the greatest common factor of y and 34.
34
Suppose -2*m - 119 = 3*q, q - 2*q - 63 = -4*m. Let v = -41 - q. What is the highest common divisor of v and 10?
2
Suppose 5*r + j = 37 + 472, 100 = r + 2*j. What is the greatest common factor of 30 and r?
6
Suppose -4*x = -0*x - 156. Let t = -19 + x. What is the highest common factor of t and 20?
20
Let z(f) = -211*f**3 + 7*f**2 + 2*f + 3. Let p be z(-2). Calculate the greatest common divisor of p and 49.
49
Suppose 2*n = 4*r + 16, 0 = -2*n + 4*n + 4*r - 32. Suppose n*v - 7 = 5*v. What is the highest common divisor of v and 4?
1
Let k be 1*-5*(-1 - 0). Suppose -k*b = -b - 128. Calculate the greatest common divisor of b and 224.
32
Let l be 12/((-96)/40) + 26. What is the greatest common divisor of l and 24?
3
Let n(c) = 31*c**2 + 6*c + 5. Let h be n(-1). Let b = 4 + 2. Calculate the highest common factor of b and h.
6
Let m(z) = 4*z**3 + z**2 + 7*z - 10. Let j be m(3). What is the highest common factor of j and 288?
32
Let u(c) = 7*c**3 + 4*c**2 - 4*c + 2. Let b = -11 + 13. Let h be u(b). Let y = -12 + 18. Calculate the highest common divisor of h and y.
6
Let o be 8 + 4 + -1 - (4 + 1). What is the greatest common divisor of 34 and o?
2
Let x = 61 + -104. Let j = -13 - x. What is the highest common factor of 6 and j?
6
Let d(r) = 6*r**2 + 5*r**3 - 3*r**3 + 3*r**2 + 3 - 3*r**3. Let i be d(9). Let b be (6 - i) + 20/2. What is the greatest common divisor of b and 104?
13
Suppose -71*y = -73*y + 12. Calculate the greatest common factor of 198 and y.
6
Suppose -2*n + 129 = 3*a, -5*n - 5*a + 12 = -303. Calculate the highest common divisor of 600 and n.
60
Let g(x) = 11*x + 12 - 2*x**2 + 0*x**2 - x**2 + 4*x**2. Let p be g(-12). Calculate the highest common divisor of p and 36.
12
Let l = 1078 - 415. What is the highest common factor of 102 and l?
51
Suppose 5*f = 3*x - 25, 3*f = 2*f + 4. Suppose 3*o = 119 + 61. What is the greatest common factor of o and x?
15
Let t = 136 - 133. Suppose -4*c + x = -2*x - 50, -c + 17 = -t*x. What is the greatest common factor of c and 121?
11
Suppose 0 = -c - c - 20. Let a = 4 + c. Let d be (128/12)/((-4)/a). Calculate the greatest common factor of 16 and d.
16
Let d(h) = -30*h - 4. Let j be d(-1). Calculate the greatest common divisor of 13 and j.
13
Let z be (-11 + 2)*(-56)/6. Suppose 42 = 4*b - 38. Let a be b/25*15*1. Calculate the highest common divisor of a and z.
12
Let s(j) be the third derivative of -11*j**4/24 + j**3/3 + 24*j**2. Suppose 3*x + 3 + 6 = 0. Let v be s(x). Calculate the greatest common factor of v and 5.
5
Let a = 339 + -219. Suppose -a = -5*x + h + 30, -5*x = 2*h - 150. What is the highest common divisor of x and 6?
6
Let u be (-15)/(-2)*(-68)/(-6). Suppose 5*m + 0*m - 127 = -3*h, 3*m - 83 = -2*h. What is the highest common divisor of h and u?
17
Let v = 67 + -65. Suppose 4*q - 164 = v*f, 3*f = 2*q - 14 - 76. What is the highest common divisor of 13 and q?
13
Let v(p) = 9*p. Let l be v(3). Let y = l + -12. Suppose -4*k + 255 = 5*s, 4*s - 252 = -2*k - 2*k. Calculate the highest common factor of y and k.
15
Let l = -342 + 355. Calculate the highest common factor of 13 and l.
13
Let i be (-6)/(-14) + 511/(-49). Let y be i/65 + 93/13. Calculate the highest common factor of 56 and y.
7
Suppose 3*i + 116 - 20 = 0. Let a = i + 53. Suppose -4*x + 4*y = -y - 563, 4*y - 608 = -4*x. What is the highest common factor of x and a?
21
Let v be 6579/54 + 2/(-12)*5. What is the highest common divisor of v and 88?
11
Suppose -161*l + 172*l = 275. Calculate the highest common divisor of l and 50.
25
Let z = 904 - 634. Calculate the greatest common factor of 210 and z.
30
Let j(q) = q**3 + 23*q**2 - 25*q - 18. Let n be j(-24). Suppose -n*x = -77 - 199. Calculate the highest common divisor of x and 368.
46
Suppose 189 = 3*r - 4*q, 4*r - 2*q = 313 - 61. Let h be -5 + (-255)/(-10) - (-2)/4. What is the highest common divisor of r and h?
21
Suppose 0*b - 115 = -5*b. Let z = -14 + b. Let g(i) = 2*i - 1. Let o be g(1). Calculate the highest common factor of o and z.
1
Suppose 0 = 5*q - 4 - 11. Let h be 3*((-10)/q - 0). Let d be (h/(-4) + 0)*32. Calculate the greatest common divisor of d and 10.
10
Let r be 8/(-60) + 66808/210. What is the highest common factor of r and 106?
106
Let p = 36 + -23. Suppose -4*x + o - 77 = -9*x, 0 = x + o - p. What is the highest common divisor of 48 and x?
16
Suppose v - 191 = -5*g, -4*v + 2*v = 8. Suppose 38*x + 110 = g*x. Calculate the greatest common factor of x and 44.
22
Let l(t) = t**2 + 249. Let y be l(0). Let z = -145 + y. What is the highest common divisor of 26 and z?
26
Let d = -533 + 587. Calculate the greatest common factor of d and 96.
6
Let w(c) = c**2 + 2*c + 10. Let v be w(5). Calculate the greatest common divisor of v and 25.
5
Let y(s) = -s**3 - 5*s**2 - 4*s - 74. Let w be y(-8). What is the greatest common divisor of w and 24?
6
Let h(j) = 4*j - 44. 